 is i(a)?
6
Let d(z) = -2*z - 6. Let r = 18 - 24. Determine d(r).
6
Let h(s) = -9*s**2 - 3. Let n(u) = -38*u**2 + u - 12. Let v(g) = -g**2 + g + 1. Let k(w) = -n(w) + v(w). Let q(x) = -9*h(x) - 2*k(x). Determine q(-1).
8
Let v(g) = 4*g**3 - 3*g**2 + 4*g - 8*g**3 + 3*g**3 - 2. What is v(-4)?
-2
Let j(n) = n**3 + 2*n**2 - n. Let a be j(-2). Let p(t) be the first derivative of t**4/4 - 4*t**3/3 + t**2/2 + 2*t - 4. Calculate p(a).
-4
Let t(u) be the first derivative of -u**4/4 - 4*u**3/3 + 2*u**2 + 6*u + 28. Determine t(-4).
-10
Let i = 13 + -14. Let v(s) = 7*s**3 + 2*s + 1. Give v(i).
-8
Let d(a) = -1 - a + 3 - 6*a**2 + 0 - 1. What is d(1)?
-6
Let l(z) = z - 3. Let r be l(8). Let o(w) = 2*w + 0*w**2 - 3*w**2 + r*w**2 + 6*w**3 + 1. Let d(v) = -v**3 + v**2 - 2*v + 1. Let h be d(1). Give o(h).
-5
Let o(r) = r**2 - r - 4. Let p be o(3). Let f(b) = -b**2 + 3*b - 2. Determine f(p).
0
Let p(i) = i**2 + 9*i. Let w(z) = -2*z**2 - 13*z. Suppose 2*o - 21 = -s, -o - o = -4*s + 4. Let t(q) = o*p(q) + 5*w(q). Give t(5).
-15
Let z be (-2)/3 + (-65)/(-3). Suppose 5*n - 4*f - z = 0, -2*f - 5 - 4 = -n. Let p(d) = d**3 - 2*d**2 + d. Give p(n).
0
Let g(c) = -1 - c + 0 + 2 - c**2 - 2. Let k(a) = -a**3 - 12*a**2 - 6*a - 11. Let l(i) = -6*g(i) + k(i). Calculate l(-6).
-5
Let s(h) = -h**2 + 2*h + 2. Let k(q) = -q**2 + 12. Let o be k(-3). What is s(o)?
-1
Let g(v) = -v**2 + v + 3. Let z be ((-30)/(-4))/5*2. Give g(z).
-3
Let d(k) be the third derivative of 0 - k**2 + 0*k + 1/6*k**3 - 1/12*k**4. Give d(-2).
5
Let l be (0 + (-5)/2)*-2. Let n be (0/l)/(2*1). Suppose n = -0*p - p + 2. Let y(w) = -w**3 + 2*w**2 + 2*w + 1. What is y(p)?
5
Let r = 5 - 3. Suppose -2*b + 0 = r. Let l(t) = -10*t**2 - 4*t + 4*t. Determine l(b).
-10
Let n(b) = -3 + b**3 - 3*b**2 + 4 + 0*b**3. Let y(g) = g**3 - 8*g**2 + 7*g + 16. Let w be y(7). Suppose 4*j = -4 + w. Calculate n(j).
1
Let w = 9 - 8. Suppose -5*b + 19 = -w. Suppose -15 = b*n - n. Let y(l) = l**3 + 6*l**2 + 2*l - 7. Calculate y(n).
8
Let g(h) = -h**2 - 4*h + 5. Suppose -8*a - 35 = -13*a. Suppose 2*t - 3*u - 13 = a*t, 4 = u. Calculate g(t).
0
Let a(y) = -y + 9. Let x be a(8). Let q(k) = 8*k**3 - 4*k**2 - 2. Let c(r) = -7*r**3 + 5*r**2 + 3. Let f(p) = 3*c(p) + 4*q(p). Calculate f(x).
11
Let l(r) = -r**2 - 7*r - 4. Let o be l(-6). Let x(m) = m**2 + 0*m + 3*m**o + m**3 - 5*m + 9 - 6. Determine x(-5).
3
Suppose 4 = -2*x + 4*x. Suppose x*t + 6 - 4 = 0. Let m be (2/4)/(t/10). Let v(k) = -k**2 - 4*k + 4. Determine v(m).
-1
Let m be -4*9/(-12) + -4. Let k = -4 - m. Let l(a) = -a**2 - 3*a + 3. What is l(k)?
3
Suppose 0 = -4*c - 4*w - 4, 1 = -0*c + c - w. Let k(q) = -q**2 + 18*q - 28. Let t be k(16). Suppose t = -h - c*h. Let b(f) = f**2 + 3*f - 3. What is b(h)?
1
Let h(s) = -15*s**2 + 19*s + 19. Let g(l) = 7*l**2 - 9*l - 9. Let j(n) = 13*g(n) + 6*h(n). Calculate j(-2).
7
Suppose 2*z + 5*a - 6 = 0, 5*z - 6*a = -2*a + 15. Suppose n - z*b = 11, 0*n = 3*n - 3*b - 15. Let v(i) = i**3 + i - 2. Calculate v(n).
8
Let s(v) = 12*v**3 + v. Suppose 0*f + 2*f - 5*h + 7 = 0, 0 = 5*f + 5*h. Give s(f).
-13
Let d(n) = n**2 + 2. Let u = 11 + -8. Suppose p + 2*p = a - 10, -5*a = u*p - 14. What is d(p)?
6
Let s(x) = 2*x - 6. Let o be (2/3)/(7/42). Let g be s(o). Let y be (-1)/(1/(5 - g)). Let t(b) = -b**2 + 3. Determine t(y).
-6
Let u be ((-9)/(-6))/((-12)/(-32)). Let b(m) = m**2 - 5*m - 2. Calculate b(u).
-6
Suppose 0 = -5*o - 15, -49 = 2*v + 3*v - 2*o. Let m(w) = -15*w + 1. Let x(t) = 8*t - 1. Let l(z) = v*x(z) - 6*m(z). Determine l(-4).
-3
Let n be (-206)/(-8) - (-3)/12. Suppose 2*u - 3*p = p - n, 40 = -4*u + 4*p. Let k(l) = -l**2 - 7*l + 3. Give k(u).
3
Let k(i) = i - 1. Let n(t) = t - 2. Let x(p) = -7*k(p) + 4*n(p). Determine x(2).
-7
Suppose -4*v = 3*d - 35, 3*d = -3*v + 6 + 24. Suppose v*k + 3*r + 1 = 4*r, -r = 5*k - 1. Let y(t) = 2 - t**2 + 2 + k*t**2 - t. What is y(0)?
4
Let c(x) = -x**3 + 5*x**2 + 2*x - 2. Let h(i) = i**3 - 5*i**2 - 2*i + 3. Let p(s) = -3*c(s) - 4*h(s). Give p(5).
4
Let u(i) = -i**2 + 5*i - 2. Let p be u(4). Let b(d) = -16 + 23 - 3*d - 5. What is b(p)?
-4
Let k be 4/(-10) + (-17)/(-5). Let q be -2*(k - 1)*1. Let w = 0 + q. Let m(x) = -x**2 - 4*x. What is m(w)?
0
Let i(k) = 4*k**2 + 25 - 3*k**3 + 4*k**3 - 23 + k. What is i(-4)?
-2
Let m(o) = 2*o + 1. Let g(j) = j**2 + 6*j - 1. Let n be g(-8). Suppose 0 = -f - 13 + n. Give m(f).
5
Let z(n) = n + 11. Let g be (-246)/9 + (-4)/6. Let c be (-4)/(-14) - (-8)/g. Determine z(c).
11
Let b = -96 + 98. Let l(y) be the second derivative of -1/2*y**b + 0*y**4 + 4*y + 0 + 1/6*y**3 - 1/5*y**5. Determine l(1).
-4
Let w(r) be the first derivative of r**2 - 9*r + 1. Let y be w(6). Suppose -t - 3*b = -0 - 1, y*b - 3 = 0. Let h(z) = -z - 1. What is h(t)?
1
Suppose 0 = 2*t + t + 6. Let x(p) = p**2 + 3*p + 3. Let f be x(t). Let o(m) = -2*m**3 - m. Give o(f).
-3
Suppose -13 = -5*s + 3*g, 2*s - 2*g + 3*g - 3 = 0. Let t(i) = -3 + i**2 + 5 - i**3 - 2*i + 1. Give t(s).
-5
Let d(o) = 7*o - 21. Let u(v) = -11*v + 32. Let g(s) = -8*d(s) - 5*u(s). What is g(4)?
4
Let c(y) = -y + 1. Let f(s) = 5*s - 10. Let a(q) = 6*c(q) + f(q). Determine a(5).
-9
Let t be 10*((-9)/6)/(-3). Suppose 7 = -t*c + 2. Let j(b) = 15*b**3 - b**2 + b + 1. What is j(c)?
-16
Let m be 0 + 6*1/2. Let r(n) = -5*n + 1. Calculate r(m).
-14
Let i(t) = 2*t - 5. Let w(p) = 5*p - 10. Let n(d) = -7*i(d) + 3*w(d). Give n(-7).
-2
Let d = -5 + 7. Let w(z) = -1 - 3*z**d + 4*z**2 + 1. Give w(1).
1
Let f(n) = n**3 - 12*n**2 + 11*n - 4. Let c be f(11). Let m(k) be the third derivative of k**4/12 + 5*k**3/6 - 10*k**2. Determine m(c).
-3
Suppose -46 + 10 = -4*x. Suppose -10 = -5*k + 10. Suppose -3*q = k*p + 4 + x, 0 = q - 3*p - 13. Let s(b) = -7*b - 1. Determine s(q).
-8
Let d(z) be the third derivative of 13/6*z**3 + 1/24*z**4 + 0*z + 2*z**2 + 0. Determine d(0).
13
Let f(i) = i - 9*i**3 + 8*i**3 - 3*i**2 + i - i + 4. Calculate f(-4).
16
Let g(q) = -q + 1. Let d be (17/(-3) + 2)*-3. Let y(l) = -1 - 3 - l**2 - 9 - d*l. Let x be y(-9). What is g(x)?
-4
Let v(i) = 12*i**2 - i - 1. Suppose -22*f - 3 = -19*f. Determine v(f).
12
Suppose 3*f - 4 + 2 = 2*p, 15 = 3*p. Suppose -f = -5*s - 34. Let u be s/4 - 9/(-6). Let q(r) = -r + 3. Determine q(u).
3
Let v(m) = -8 + 1 + 14 - m**3. Determine v(0).
7
Let g be (5/15)/(1/6). Let l(j) = j**g - 5 - 3*j - 3 + 6. Determine l(4).
2
Let x(a) = 2*a**2 - 7*a - 13. Let m(z) = z**2 - 4*z - 7. Let p(s) = 5*m(s) - 3*x(s). Suppose 46 = -3*t + 4*t. Let q be 2/7 + t/(-14). What is p(q)?
-8
Let h(g) = -5*g**2 - 4*g - 6. Let t(m) = m**2 + 1. Let v(u) = h(u) + 4*t(u). Let i be ((-1)/3*-3)/(-1). Let q = -4 - i. Calculate v(q).
1
Let v(c) be the third derivative of -c**5/60 - c**4/3 + c**3/6 - 10*c**2. Calculate v(-7).
8
Let w(b) = -7*b + 9. Let v(i) = -i + 1. Let a(c) = -18*v(c) + 2*w(c). What is a(-1)?
-4
Let j(y) = -6*y + 2. Let x(v) = -v - 1. Let c(t) = -j(t) + 5*x(t). What is c(8)?
1
Let s(c) = -c**2 + 4*c + 1. Let u(a) = -4*a**2 + 4. Let o be u(3). Let t be (-1)/3 + o/(-6). Determine s(t).
-4
Let g = 0 - -5. Let p(i) = -i - 5*i + 2 + i + i**2. What is p(g)?
2
Let s be -1 - (-1 + 5) - 2. Let w(z) = -z. Determine w(s).
7
Let x(d) = -d - 4. Suppose 2*o - 5*s - 11 = 0, 8*o = 3*o - 4*s - 22. Let c = 2 + o. Suppose c = -2*v + 3 + 1, 4*q - v + 2 = 0. Calculate x(q).
-4
Let a = 38 - 42. Let w(c) = c**2 + 4*c + 4. Determine w(a).
4
Let m(x) = 2*x**2 + 2*x - 1. Let u(w) = -w**2 - 3*w + 2. Let k(i) = 3*m(i) + 2*u(i). What is k(-1)?
5
Let s(d) = -d**2 + 5*d + d**3 + d - 6 + 8*d**2. Give s(-6).
-6
Let r(v) = 2*v**3 + 5*v**2 + v - 2. Let q = -69 - -66. Give r(q).
-14
Let l(v) = 3*v + 602 + 4*v - 602. What is l(-1)?
-7
Suppose -40 = -4*i + 5*p - 9*p, 0 = -3*i - 2*p + 27. Let l(d) = -d**2 + 6*d + 9. Determine l(i).
2
Let q(y) = 4*y**2 + 11*y - 5. Let w(v) = -5*v**2 - 16*v + 7. Let k(n) = -7*q(n) - 5*w(n). Give k(2).
-6
Let d(r) = -r**2 + 8*r - 4. Let y be d(7). Let o be (-2)/(-4)*(1 - -3). Let x(n) = 4*n - 6 + 3*n**2 + 4 - 4*n**o. Determine x(y).
1
Suppose 8*t - 3*t = -3*x + 23, -2*x = -2. Let f(c) = 4*c**3 + t - 5 - 3*c + 5*c**2 - 5*c**3. Give f(4).
3
Let a(c) = 7*c + 36. Let p be a(-7). Let g(i) = i**2 + 12*i - 12. What is g(p)?
1
Let r be ((-18)/6)/(6/(-4)). Let g(w) = 7*w**2 + 3*w**r - w**3 + 5*w - 6*w - 5*w**2 - 3. Determine g(5).
-8
Suppose -4*r + h